of h?
1
Suppose 2*s = 7*s + 4*w - 10180, -2*s = -2*w - 4072. What is the hundreds digit of s?
0
Let c be (1387/12 - 10/(-15))*4. Let v = -6 - -17. Suppose -v*f + 14*f - c = 0. What is the tens digit of f?
5
Suppose 2*z - 10009 - 11474 = 3*q, 0 = -z + 4*q + 10739. What is the tens digit of z?
4
Let a be 1*((-207)/(-36) - (-3)/(-4)). Let g(c) = 2*c**3 + 3*c**2 + 5*c - 30. What is the tens digit of g(a)?
2
Let q = 18535 - 10282. What is the units digit of q?
3
Suppose 55*u - 33*u + 159*u - 7459010 = 0. What is the thousands digit of u?
1
Let w(q) = -12 + 14 + 23*q + q**2 + 13 - 2*q**2. Let v(a) = -a**2 + 11*a - 4. Let i be v(8). What is the tens digit of w(i)?
7
Let k(n) = 201*n + 18. What is the thousands digit of k(31)?
6
Suppose 18*i - 22*i = -3*h - 27870, -3*h - 55746 = -8*i. What is the hundreds digit of i?
9
Let m be (7 - 4) + 2 - 888/2. What is the tens digit of (-8)/(20/(-10)) + (1 - m)?
4
What is the hundreds digit of (1/2)/(((-4)/(-1840))/(1 - -3))?
9
Let b be 1392/261*(-6)/(-8)*1879. Suppose -a = 4, -6*n + 2*n - 4*a = -b. What is the tens digit of n?
8
Suppose 4*i - 33944 = 20*h - 24*h, -2*h + 33936 = 4*i. What is the hundreds digit of i?
4
Suppose 3*z - 7*z = 8, -2*z = 4*o - 20. Let w(n) = n**3 - 15*n**2 + 6*n - 3. Let x be w(o). What is the units digit of (2/6)/((-1)/x)?
7
Let a be (-1)/(-4) - 5988/(-48). Suppose b - 645 = -a. What is the units digit of b?
0
Let b(d) = 16*d**2 + 95*d - 4394. What is the thousands digit of b(46)?
3
Suppose -19*w + 103 = -600. What is the tens digit of w + 869 - (-3 + 2 + 6)?
0
Suppose 8*d - 3*d = -w + 550, -3*d = -5*w + 2638. Suppose 62*m - w = 60*m. What is the units digit of m?
5
What is the hundreds digit of 13 - (20 - 32481 - 10)?
4
Let z = -6896 + 7087. Let u(h) = -12*h + 6. Let f be u(6). Let g = z + f. What is the tens digit of g?
2
Let o be (3 + -5)/(16/(-24)). Suppose -4*c = -2*t - 0*t - 1886, o*c - t - 1413 = 0. What is the units digit of c?
0
Let y be ((35/70)/(2/(-2768)))/(-1). What is the hundreds digit of (1 - (-1)/(-3))*1859058/y?
7
Suppose 18*q = 3*q - 110205. What is the hundreds digit of (-2)/(q/(-1050) - 7)?
7
Let d(h) = -3 - 3*h**3 + 17*h - 8 + 4*h**3 - 8*h**2. Let k be d(6). Suppose -3*n + 1389 = 5*v, 4*v = -3*n - k + 1132. What is the tens digit of v?
7
Let r be (-5)/((-10)/(-8)) - -1 - -6. Suppose 18 = r*b + 2*s, -4*b + 0 + 26 = 2*s. Suppose 3*d + b*d - 902 = 0. What is the tens digit of d?
8
Let i(b) = b**3 - 11*b + 9. Let s be i(2). Let t(c) = -4*c**3 - 5*c**2 - 14*c - 22. What is the units digit of t(s)?
3
Let s(y) = y**3 + 10*y**2 - 12*y - 8. Let n be s(-8). Suppose 8*w - 5*w + n = 0. Let i = 26 - w. What is the tens digit of i?
9
Suppose -109*o + 41*o = 33*o - 2307042. What is the thousands digit of o?
2
Let x(g) = 2*g + 10. Let s(u) = -u**3 - 4*u**2 + 4. Let r be s(-2). Let d be x(r). What is the tens digit of 86 - (d/(-2) - -2)?
8
Suppose -26*w + 29*w = 2889. Suppose -w = -5*k + 2*k - 3*c, -k = 4*c - 327. What is the hundreds digit of k?
3
Suppose -3*z = -6*z + 143479 + 49997. What is the tens digit of z?
9
Let x(t) = 9*t**2 + 4*t - 12. Let r(g) = 6*g**2 + 3*g - 8. Let l(f) = 8*r(f) - 5*x(f). Suppose 3 = -3*p + 15. What is the tens digit of l(p)?
6
Suppose v - 5*f = 6*v - 15, 6 = v - 2*f. Suppose 0 = -v*k - j + 208, -3*j - j - 35 = -k. Let h = k - -1. What is the units digit of h?
2
Let x = 21 + -15. Suppose 0 = 19*f - 18*f - 1. What is the tens digit of 572/x - ((-4)/(-3) - f)?
9
Suppose 544*u - 564*u = -130143 - 267297. What is the hundreds digit of u?
8
Let m be -2*(-3)/6 + 6 - 3. Suppose 4*n + 23 = 3*p + 2*n, 4*p + 4*n = m. Suppose -4*a = -c - 498, 0 = p*a - 2*c - 0*c - 621. What is the tens digit of a?
2
Let y = -18804 - -38301. What is the ten thousands digit of y?
1
Suppose 130 = 3*j - 2*j. Let k be 3620/j + (-4)/(-26). Let a = 82 - k. What is the tens digit of a?
5
Let y(d) = 22*d**2 - 94*d + 2367. What is the thousands digit of y(21)?
0
Let m(k) = k**2 - 37. Let g be m(-6). Let l be (-4)/3 + (-2)/(-6). What is the units digit of (-396)/(-4) + (l - (0 - g))?
7
What is the units digit of (-6 - -4)/((-299864)/74964 - -4)?
1
Let w = -201 + 206. Suppose 0 = -w*c, 4*o + 6*c - 3*c - 1052 = 0. What is the units digit of o?
3
Let s(x) = -21*x**2 + 14*x - 9. Let u(k) = 64*k**2 - 41*k + 27. Let y(b) = 11*s(b) + 4*u(b). What is the hundreds digit of y(4)?
3
Let t = -648 - -731. Suppose 0 = -4*k - 5*h + 5622, -2*k + 2715 = -4*h - t. What is the tens digit of k?
0
Suppose -11*t + 4*t = 17927. Let y = t + 4298. What is the thousands digit of y?
1
Let o(q) = 4*q**2 - 23*q - 11. Let p be (14/2)/(15/30). What is the hundreds digit of o(p)?
4
Let t(j) be the third derivative of -j**6/40 - 11*j**5/60 - 7*j**3/3 - 30*j**2. Let u be t(-5). Let i = u + 39. What is the hundreds digit of i?
1
Suppose -4*o = -0*s - s + 17, 3*s - 3 = 0. What is the tens digit of (-5245)/(-10) - (-9)/6 - o?
3
Suppose -4*c = -2*z - 3320, -4 = 4*z - 5*z. Let k = c - 334. Suppose 4*u - k = -2*u. What is the tens digit of u?
8
Suppose 4*n - 3*u + 8*u = -7, 4*u = -n - 10. Suppose -n*m + 769 = 119. What is the tens digit of m?
2
Let j(h) = 104*h**2 + 82*h - 377. What is the tens digit of j(5)?
3
What is the tens digit of (48/792)/((-6)/(-22)) + (-42586)/(-9)?
3
Suppose 152*d = 115*d + 17908. Suppose 3*w - 1277 = 1066. Let h = w - d. What is the tens digit of h?
9
Let t(n) = -n**3 + 11*n**2 + 4*n - 5. Let s = 9 + -4. Let h be t(s). Let z = h - 109. What is the units digit of z?
6
Let i(p) = -7*p + 34. Suppose 19*n - 23*n - 84 = 0. What is the units digit of i(n)?
1
Suppose 0 = -0*x + x + m - 1317, -4*x + 5269 = 5*m. Suppose -3*k + 2*r - r = -x, 0 = 5*k - 4*r - 2205. What is the units digit of k?
7
Let c(q) = 4*q**2 - q - 61. Let b(n) = 19*n - 144. Let m be b(8). What is the units digit of c(m)?
7
Let h be 80/760 + (-14436)/(-38). Suppose 0 = -15*o + 17*o - h. What is the tens digit of o?
9
Let d = -52 + 56. Suppose -d*x + 8 = -108. Let h = x + 18. What is the units digit of h?
7
Suppose 0*n + 42 = 3*i - n, 36 = 3*i - 3*n. Let l(p) = p**3 - 14*p**2 - 9*p - 1. Let m be l(i). What is the units digit of 2 + m + (1 - 3)?
9
Suppose -2*w - 4*o = 764, -2*o = -2*w - 7*o - 760. Let x = w + 1266. What is the hundreds digit of x?
8
Let c be -4 + 4 - (-4 - (3 - 3)). Suppose 4*h = -3*j + 758, 0 = 2*j - 4*j + c*h + 472. What is the hundreds digit of j?
2
Let j = -417 + 352. What is the tens digit of 8/(-52) - 0 - 1310/j?
2
Let g(f) = 275*f**2 + 30*f + 259. What is the hundreds digit of g(-8)?
6
Let t(p) = 23*p**2 - 1 - 13*p - 6 + 3 - 9. What is the units digit of t(-5)?
7
Suppose 11*j - 4*j - 35483 = 0. What is the units digit of j?
9
Suppose 1052870 = 149*r - 60*r. What is the units digit of r?
0
Let k be (-2)/9 - 552/(-54). Suppose 5*m + 2*w - 13 + 3 = 0, 4*m - 2*w = -k. Suppose n - t - 199 = 0, 4*n - 2*t - 20 - 768 = m. What is the units digit of n?
5
Let g(m) = -441*m - 1353. What is the tens digit of g(-29)?
3
Suppose -8 = -2*l, -12*w - 3*l = -13*w + 1935. Suppose -10*s = -w - 2183. What is the hundreds digit of s?
4
Let m(b) = 17*b - 11. Let x(r) = 3*r**3 - r**2 - 3*r + 7. Let p be x(3). Let a = -61 + p. What is the tens digit of m(a)?
4
Suppose -2*g + 690 = 182. Suppose 29*j = 30*j - g. What is the tens digit of j?
5
Suppose 131*i - 134*i = -5322. Suppose 5*m + i = 3*r, 2*m - 1849 = -3*r - 110. What is the tens digit of r?
8
Let u(i) = -7*i**3 - 3*i**2 + 7*i + 16. Let l be u(-2). Let d = 251 - l. What is the tens digit of d?
0
Let m(x) = 170*x**2 + 21*x + 15. What is the ten thousands digit of m(10)?
1
Suppose -338 = -2*u - 0*u + 4*j, 3*j = -3*u + 498. Let f be u/(5 + 56/(-12)). Suppose -4*i + f = -i - 4*g, 2*g - 6 = 0. What is the units digit of i?
1
Let h = 459 - 454. Let t(x) = 2*x**2 + 8*x - 44. What is the tens digit of t(h)?
4
Let h be -21*((-2)/(-3))/(-2). Let k be (-16)/(-56) - (-75)/h. Let w = 31 - k. What is the units digit of w?
0
Let y = -12218 + 17575. What is the hundreds digit of y?
3
Let c(h) = 53*h - 1295. What is the tens digit of c(40)?
2
Suppose 0 = 499*y - 5364074 - 7807530. What is the hundreds digit of y?
3
Suppose 3*d = 3, -285*r = -281*r - d - 17771. What is the hundreds digit of r?
4
Let h(l) = 3*l**2 - l. Let p(x) = x**3 + 15*x**2 + 12*x - 27. Let i be p(-14). Let y be h(i). What is the uni